se -i + 4*z + 50 = 3*z, -4*i - 4*z + 192 = 0. Let a = i - -16. What is the tens digit of a?
6
Let a(c) = -c**3 + 4*c**2 + 13*c - 3. Let p = 46 - 40. What is the units digit of a(p)?
3
Let i(w) = w**2 + 3*w. Let j be i(-11). What is the tens digit of j*1 + (-16)/4?
8
Let g(a) = 2*a**2 - 3*a - 3. Let v be g(-1). Suppose -135 = -3*u + p, 0 = u + 4*u - v*p - 226. What is the tens digit of u?
4
Let p = -304 - -740. What is the units digit of p?
6
Let k be (-1)/(-2) - (-49)/14. Suppose -k*q = -8*q + 516. Suppose 3*a - 7*a = -5*z - q, 2*a + z - 61 = 0. What is the units digit of a?
1
Suppose -5*q - 5*r = 2 - 32, -5*q + r = -42. Suppose -2*c = q*c - 520. What is the units digit of c?
2
Let u be -15 - 9/(45/(-10)). What is the units digit of u/(1*(-1)/5)?
5
Suppose 3*j + 180 = -2*j. Let a = j - -61. What is the units digit of a?
5
Let b(w) = -3*w**2 + 2*w + 37. Let v be b(0). Let i = -22 + v. What is the units digit of i?
5
Suppose -1909 = -3*g + 10*y - 5*y, 3*g - 1893 = -3*y. What is the hundreds digit of g?
6
Let s(q) = 3154*q**2 - 21*q + 21. What is the hundreds digit of s(1)?
1
Suppose 5*a + 2*t = -0*t + 6363, 4*a - 2*t - 5094 = 0. What is the hundreds digit of a?
2
Suppose 0 = 2*i - 0 + 20. Let t be (12/i)/((-6)/560). Suppose -u + t = 3*u. What is the units digit of u?
8
Let t = -7 - -23. Let k = 91 - t. What is the units digit of k?
5
What is the thousands digit of (88 - 0)*(2 - -12) + -1?
1
Let f(n) = n**2 + 3*n + 1. Let v be f(-2). Let i(s) = -48*s**3 - 2*s**2 + 1. What is the units digit of i(v)?
7
Let c = -941 - -1948. What is the units digit of c?
7
Suppose -4*w - 428 = -j, j + 5*w + 31 = 459. What is the units digit of j?
8
Let o = -815 - -1153. What is the hundreds digit of o?
3
Let g(n) = 10*n**3 + n**2 - 2*n. What is the tens digit of g(4)?
4
Suppose 1 = 2*i - o + 13, 0 = 4*i - 4*o + 20. Let v(x) = -x**3 - 2*x**2 + 5*x - 9. Let k be v(i). Suppose -r = 2*r - k. What is the units digit of r?
7
Let h(f) = 7*f**3 + 3*f**2 - 3*f - 1. Suppose 13 = 2*y + 9. What is the tens digit of h(y)?
6
Let q be 102*(6 - 85/15). Let m be (191 + 2)*1 + 1. Suppose 2*n + m = 7*o - 2*o, o + 2*n - q = 0. What is the units digit of o?
8
What is the units digit of 2 + 417 - -2*6/(-4)?
6
Suppose -37*d + 1116 = -28*d. Let i(z) = -3*z**2 - 4. Let a be i(4). Let h = a + d. What is the tens digit of h?
7
Let a(d) = d**2 - d - 13. Suppose -15 + 79 = -8*r. What is the units digit of a(r)?
9
Let y be 2/10 - 56/(-20). Suppose 0*v - k + 310 = y*v, 2*v = -3*k + 202. What is the tens digit of v?
0
Suppose h + 17 + 16 = 0. Suppose -3*y - 184 + 406 = 0. Let s = y + h. What is the tens digit of s?
4
Let r(w) be the second derivative of -1/6*w**3 + 0*w**4 + 0*w**2 + 0 - 2*w + 33/20*w**5. What is the tens digit of r(1)?
3
Suppose -4*y + 320 = -140. What is the units digit of y?
5
Let q = -44 - -47. Suppose 0 = q*r + 4*r - 455. What is the units digit of r?
5
Suppose 0 - 4 = -q. Suppose 0 = 2*d - q*d - 220. What is the tens digit of d/(-1 - 1) + 3?
5
Suppose 0 = -6*y + 18*y - 60. Suppose -y*i = -w + 29 - 1354, 0 = -5*i + 5*w + 1325. What is the tens digit of i?
6
Suppose -82*v = -75*v - 1176. What is the units digit of v?
8
Suppose -3*g = 4*c - 4*g - 5693, 0 = -4*g - 20. What is the thousands digit of c?
1
Suppose -22*d + 21*d + 345 = 0. What is the units digit of d?
5
Suppose 2*k + 0*s + s - 3584 = 0, -4*s = -k + 1810. What is the thousands digit of k?
1
Let j = -30 - -29. Let w = j + 4. Suppose 4*o - 2*h - 22 = 0, -h + 10 = -w*h. What is the units digit of o?
3
Suppose 0*p + 444 = 4*p. Let t = p + -67. Let h = 73 - t. What is the tens digit of h?
2
Let f = 1270 + -877. What is the hundreds digit of f?
3
Let t = 66 - 123. Let p = -21 - t. What is the units digit of p?
6
Suppose -4*m + 2*n = -192, -370 = -5*m - 4*n - 104. What is the units digit of m?
0
Suppose 0 = -5*f + 15*f - 50. Suppose 180 = 3*v - 2*o + f*o, 105 = 2*v - o. What is the tens digit of v?
5
Let y(l) = 109*l**2 - 8*l + 11. What is the units digit of y(3)?
8
Let m = -2399 - -4515. What is the tens digit of m?
1
Let c = -11 + 14. Let q be c/(-12) + 10/8. Suppose 0 = 5*o - 44 - q. What is the units digit of o?
9
Suppose 0 = -2*x - 6*x + 2520. What is the hundreds digit of x?
3
Suppose -6*t - 43 = -t + b, 0 = 2*t - 2*b + 22. What is the units digit of ((-30)/t)/5*3?
2
Let h(v) = v**2 + 18*v - 19. Let n be h(-19). Suppose n = -j + 2*b + 35, 4*j = -4*b + 18 + 98. What is the tens digit of j?
3
Let t = -18 - -41. Let l = t - -46. Suppose -21 = 2*u - l. What is the tens digit of u?
2
Let j(n) = -5*n - 1. Let c be j(-5). Let g = c + -17. Let l = g - -4. What is the units digit of l?
1
Let j = -94 - -162. Suppose 4*b = -0*b + j. Let d = 0 + b. What is the tens digit of d?
1
Let i(x) = 144*x + 64. Let b(t) = 36*t + 16. Let m(f) = 9*b(f) - 2*i(f). What is the units digit of m(4)?
0
Suppose -74*w = -79*w + 20. Suppose -k - w*t + 181 = 0, 4*k + 4*t = -0*k + 664. What is the tens digit of k?
6
What is the tens digit of ((-1145)/(-30))/(3/36)?
5
Let d(l) = -27*l**2 - 7*l + 1. Let p be d(4). Let z = 700 + p. What is the hundreds digit of z?
2
Let n be 1 - ((3 - 0) + -1). Let f(q) = 5*q**2 + 1. Let z be f(n). Suppose 0 = z*s - 2*s - 84. What is the units digit of s?
1
Suppose 2205 = q - 4*z, z = 12 - 13. What is the tens digit of q?
0
Suppose 3*u + 61 = 2*u. Let n = -381 + 277. Let o = u - n. What is the tens digit of o?
4
Let t be -3*(-4)/(-12)*-175. Suppose -3*q - 369 = -2*n - 30, -n + t = 4*q. What is the tens digit of n?
7
Let h be 136/((-8)/(-12) + 0). Suppose h - 45 = 3*s. What is the units digit of s?
3
Suppose -3*f + f = -4. Let a = f - -6. Suppose a = b + 2*q - 2, -3*q = -5*b + 50. What is the tens digit of b?
1
Let x be (-1088)/(-112) - (12/(-14))/3. Let v = 72 - x. What is the tens digit of v?
6
Suppose 2*y = 948 + 482. What is the tens digit of y?
1
Suppose d + 24 + 167 = j, 4*j - 759 = 3*d. Suppose 3*s - j = 534. What is the hundreds digit of s?
2
Let f(g) = 3*g**3 - 4*g**2 - g. Let o(s) = -4*s**3 + 2*s + 1. Let n be o(-1). What is the units digit of f(n)?
2
Let p(m) = -m - 2. Let g(w) = 4*w - 21. Let n(a) = -g(a) - 2*p(a). What is the tens digit of n(-20)?
6
Suppose -88 = 2*w - 4*w. Let z = -56 - -100. Suppose -4*b = -z - w. What is the units digit of b?
2
Let l(p) = 2*p**2 - 2 + 0 + 1 + 16*p. What is the tens digit of l(-10)?
3
Suppose 2*p + 2 = -h + 3, -2*h - 3*p + 5 = 0. Let s be 6 + (h - 4) + 0. Let z = s - -39. What is the units digit of z?
8
Let j = 26 + -14. Suppose 0 = 3*z - 0 - j. Suppose -2*y + z*y = 40. What is the units digit of y?
0
Let g(h) = -511*h**3 + 3*h**2 + 2*h - 1. What is the units digit of g(-1)?
1
Let m = 289 + 111. What is the units digit of m?
0
Let n(b) = -77*b + 39. What is the units digit of n(-6)?
1
Let a(h) = h**3 - 2*h**2 + 20*h - 56. What is the tens digit of a(6)?
0
Suppose -11*u = -10*u - 46. Let h = 68 - u. What is the units digit of h?
2
Suppose -x - 5*k + 1059 = -822, -3*x = -5*k - 5563. What is the tens digit of x?
6
Let h be 17 - (1 + -2) - (-2)/2. Suppose -1 = -10*z + h. What is the units digit of z?
2
Let a(d) = -10*d. Let v be a(7). Let f = 111 + v. What is the units digit of f?
1
Let j = -2582 - -4662. What is the thousands digit of j?
2
Suppose m + 5*m - 42 = 0. Suppose d - 4*b - 1 = 0, 2*d + 5*b + 20 = m*d. Suppose 108 = d*h + 38. What is the units digit of h?
4
Let s(t) = t**3 - 3*t**2 - 8*t + 6. What is the tens digit of s(8)?
6
What is the units digit of (6 - 336)/(-6 + 5)?
0
Let t = 218 - 67. Let z = t - 91. What is the tens digit of z?
6
Let q(r) = 7*r**3 + 4*r**2 + 5*r - 25. What is the units digit of q(4)?
7
Suppose -2*p = 3*r, p - r + 8 = 3*p. What is the tens digit of (3/p)/((-3)/(-186))?
3
Let l(q) = 4*q. Let p be l(-4). Let a be (-12)/p*8*-1. Let j = 24 - a. What is the tens digit of j?
3
Let n(m) = -32*m - 10. Let u be n(-4). Let i = u - 62. Suppose 3*o = 3*j - i - 58, 4*o - 16 = 0. What is the units digit of j?
2
Suppose 0 = -12*a - 4 - 44. What is the tens digit of (6 + (7 - a))*1*3?
5
Suppose -i + u + 4833 = i, -i + 4*u = -2413. What is the units digit of i?
7
Let b be (-4)/18 - (-428)/(-18). Let c be (234/b)/(6/(-16)). What is the tens digit of (c/(-39))/((-2)/36)?
1
Let a(f) = -f + 1. Let v be a(-1). Let q(c) = 3*c - 3. Let o be q(v). Suppose -n + o*m 